ided by 35?
24
Calculate the remainder when 120 is divided by 32.
24
Calculate the remainder when 176 is divided by 15.
11
What is the remainder when 29 is divided by 21?
8
Calculate the remainder when 70 is divided by 40.
30
What is the remainder when 386 is divided by 10?
6
Calculate the remainder when 3311 is divided by 72.
71
Calculate the remainder when 293 is divided by 27.
23
Calculate the remainder when 38 is divided by 5.
3
Calculate the remainder when 106 is divided by 33.
7
Calculate the remainder when 223 is divided by 153.
70
What is the remainder when 402 is divided by 341?
61
Calculate the remainder when 577 is divided by 53.
47
Calculate the remainder when 713 is divided by 11.
9
Calculate the remainder when 3557 is divided by 89.
86
Calculate the remainder when 2351 is divided by 84.
83
Calculate the remainder when 61 is divided by 23.
15
Calculate the remainder when 13 is divided by 4.
1
What is the remainder when 861 is divided by 32?
29
What is the remainder when 125 is divided by 48?
29
What is the remainder when 429 is divided by 87?
81
Calculate the remainder when 1167 is divided by 84.
75
Calculate the remainder when 1855 is divided by 209.
183
What is the remainder when 335 is divided by 20?
15
Calculate the remainder when 327 is divided by 30.
27
Calculate the remainder when 2127 is divided by 527.
19
Calculate the remainder when 558 is divided by 17.
14
Calculate the remainder when 270 is divided by 83.
21
What is the remainder when 2377 is divided by 29?
28
What is the remainder when 115 is divided by 39?
37
What is the remainder when 246 is divided by 89?
68
What is the remainder when 2504 is divided by 11?
7
Calculate the remainder when 463 is divided by 170.
123
What is the remainder when 757 is divided by 17?
9
Calculate the remainder when 149 is divided by 46.
11
What is the remainder when 863 is divided by 215?
3
Calculate the remainder when 218 is divided by 20.
18
What is the remainder when 574 is divided by 139?
18
Calculate the remainder when 23 is divided by 12.
11
What is the remainder when 1117 is divided by 112?
109
Calculate the remainder when 111 is divided by 42.
27
Calculate the remainder when 47 is divided by 18.
11
What is the remainder when 107 is divided by 38?
31
Calculate the remainder when 649 is divided by 130.
129
Calculate the remainder when 1991 is divided by 22.
11
What is the remainder when 290 is divided by 59?
54
What is the remainder when 504 is divided by 127?
123
What is the remainder when 1600 is divided by 26?
14
What is the remainder when 116 is divided by 17?
14
Calculate the remainder when 481 is divided by 14.
5
Calculate the remainder when 857 is divided by 357.
143
What is the remainder when 1810 is divided by 46?
16
What is the remainder when 95 is divided by 14?
11
Calculate the remainder when 260 is divided by 38.
32
What is the remainder when 321 is divided by 54?
51
Calculate the remainder when 21591 is divided by 354.
351
Calculate the remainder when 22009 is divided by 253.
251
Calculate the remainder when 28 is divided by 10.
8
Calculate the remainder when 540 is divided by 14.
8
What is the remainder when 40 is divided by 17?
6
Calculate the remainder when 3926 is divided by 3.
2
Calculate the remainder when 46849 is divided by 53.
50
What is the remainder when 45 is divided by 17?
11
Calculate the remainder when 1326 is divided by 74.
68
Calculate the remainder when 562 is divided by 22.
12
What is the remainder when 2908 is divided by 15?
13
Calculate the remainder when 5000 is divided by 278.
274
Calculate the remainder when 292 is divided by 14.
12
Calculate the remainder when 75 is divided by 28.
19
What is the remainder when 411 is divided by 209?
202
What is the remainder when 2491 is divided by 96?
91
Calculate the remainder when 407 is divided by 23.
16
What is the remainder when 377 is divided by 99?
80
Calculate the remainder when 269 is divided by 17.
14
Calculate the remainder when 253 is divided by 19.
6
What is the remainder when 528 is divided by 14?
10
Calculate the remainder when 8732 is divided by 41.
40
Calculate the remainder when 3699 is divided by 526.
17
What is the remainder when 394 is divided by 139?
116
What is the remainder when 2819 is divided by 15?
14
What is the remainder when 1434 is divided by 66?
48
Calculate the remainder when 2561 is divided by 320.
1
What is the remainder when 319 is divided by 108?
103
What is the remainder when 185 is divided by 98?
87
Calculate the remainder when 159 is divided by 65.
29
Calculate the remainder when 4557 is divided by 20.
17
What is the remainder when 344 is divided by 89?
77
What is the remainder when 35 is divided by 11?
2
Calculate the remainder when 140 is divided by 77.
63
Calculate the remainder when 17598 is divided by 64.
62
Calculate the remainder when 1249 is divided by 18.
7
What is the remainder when 16187 is divided by 228?
227
What is the remainder when 2235 is divided by 73?
45
Calculate the remainder when 82 is divided by 14.
12
Calculate the remainder when 663 is divided by 218.
9
What is the remainder when 849 is divided by 37?
35
Calculate the remainder when 1558 is divided by 52.
50
Calculate the remainder when 381 is divided by 104.
69
What is the remainder when 252 is divided by 23?
22
Calculate the remainder when 284 is divided by 18.
14
What is the remainder when 79 is divided by 29?
21
Calculate the remainder when 124 is divided by 28.
12
What is the remainder when 102 is divided by 22?
14
Calculate the remainder when 3561 is divided by 592.
9
Calculate the remainder when 275 is divided by 28.
23
What is the remainder when 1044 is divided by 5?
4
Calculate the remainder when 558 is divided by 143.
129
What is the remainder when 2148 is divided by 2141?
7
Calculate the remainder when 316 is divided by 58.
26
Calculate the remainder when 265 is divided by 68.
61
Calculate the remainder when 1543 is divided by 195.
178
What is the remainder when 1229 is divided by 64?
13
Calculate the remainder when 1050 is divided by 346.
12
Calculate the remainder when 688 is divided by 137.
3
Calculate the remainder when 30269 is divided by 8.
5
Calculate the remainder when 117 is divided by 10.
7
What is the remainder when 533 is divided by 68?
57
Calculate the remainder when 1857 is divided by 76.
33
Calculate the remainder when 94 is divided by 11.
6
Calculate the remainder when 346 is divided by 25.
21
What is the remainder when 24 is divided by 14?
10
What is the remainder when 40 is divided by 32?
8
Calculate the remainder when 919 is divided by 13.
9
Calculate the remainder when 1803 is divided by 596.
15
What is the remainder when 61 is divided by 37?
24
What is the remainder when 5009 is divided by 17?
11
What is the remainder when 665 is divided by 632?
33
Calculate the remainder when 162 is divided by 21.
15
What is the remainder when 169 is divided by 85?
84
Calculate the remainder when 812 is divided by 391.
30
What is the remainder when 1253 is divided by 2?
1
What is the remainder when 337 is divided by 68?
65
What is the remainder when 69 is divided by 9?
6
Calculate the remainder when 104 is divided by 99.
5
Calculate the remainder when 18938 is divided by 123.
119
What is the remainder when 278 is divided by 67?
10
What is the remainder when 236 is divided by 59?
0
What is the remainder when 98 is divided by 88?
10
What is the remainder when 728 is divided by 56?
0
What is the remainder when 2012 is divided by 183?
182
Calculate the remainder when 2096 is divided by 14.
10
What is the remainder when 428 is divided by 10?
8
What is the remainder when 252 is divided by 16?
12
Calculate the remainder when 67 is divided by 3.
1
What is the remainder when 2212 is divided by 30?
22
What is the remainder when 209 is divided by 21?
20
What is the remainder when 183 is divided by 27?
21
What is the remainder when 139 is divided by 10?
9
Calculate the remainder when 135 is divided by 113.
22
What is the remainder when 305 is divided by 136?
33
What is the remainder when 21 is divided by 10?
1
Calculate the remainder when 747 is divided by 148.
7
What is the remainder when 89 is divided by 52?
37
What is the remainder when 149 is divided by 30?
29
Calculate the remainde